 the hundreds digit of 142704928?
9
What is the millions digit of 124026886?
4
What is the hundred thousands digit of 105364411?
3
What is the units digit of 194527222?
2
What is the hundred millions digit of 2228623394?
2
What is the hundred millions digit of 947800443?
9
What is the thousands digit of 3373103020?
3
What is the hundred thousands digit of 37632542?
6
What is the units digit of 15677382?
2
What is the units digit of 5681716365?
5
What is the ten thousands digit of 3952802407?
0
What is the millions digit of 1507445173?
7
What is the hundred thousands digit of 684964656?
9
What is the units digit of 16563589?
9
What is the thousands digit of 52586832?
6
What is the ten millions digit of 265727486?
6
What is the tens digit of 50272122?
2
What is the units digit of 68507494?
4
What is the hundred thousands digit of 85702034?
7
What is the hundreds digit of 17869508?
5
What is the hundred thousands digit of 190066366?
0
What is the units digit of 1797628202?
2
What is the tens digit of 5237710?
1
What is the ten millions digit of 770111577?
7
What is the thousands digit of 817998039?
8
What is the thousands digit of 3473888856?
8
What is the units digit of 192060683?
3
What is the millions digit of 445489536?
5
What is the hundreds digit of 181157163?
1
What is the hundred millions digit of 2671344904?
6
What is the tens digit of 20208549?
4
What is the billions digit of 3014968233?
3
What is the billions digit of 2973915464?
2
What is the units digit of 853864420?
0
What is the millions digit of 2300543726?
0
What is the thousands digit of 400685510?
5
What is the millions digit of 111469127?
1
What is the units digit of 746212721?
1
What is the hundred thousands digit of 129933565?
9
What is the hundred millions digit of 755173795?
7
What is the ten thousands digit of 457664651?
6
What is the thousands digit of 10397460?
7
What is the hundreds digit of 76501441?
4
What is the thousands digit of 371686754?
6
What is the units digit of 84799118?
8
What is the units digit of 179008491?
1
What is the hundreds digit of 557285019?
0
What is the ten thousands digit of 951794594?
9
What is the hundreds digit of 90338506?
5
What is the ten thousands digit of 361001177?
0
What is the tens digit of 2239884176?
7
What is the thousands digit of 388096117?
6
What is the thousands digit of 1077272177?
2
What is the thousands digit of 1039224737?
4
What is the units digit of 472596944?
4
What is the hundred millions digit of 248640863?
2
What is the millions digit of 42424164?
2
What is the billions digit of 2888145680?
2
What is the tens digit of 365295556?
5
What is the millions digit of 92650404?
2
What is the hundreds digit of 230101747?
7
What is the hundred thousands digit of 37474322?
4
What is the hundred thousands digit of 205385564?
3
What is the tens digit of 62964600?
0
What is the hundred thousands digit of 30996226?
9
What is the ten thousands digit of 74826050?
2
What is the units digit of 1801920096?
6
What is the thousands digit of 138707464?
7
What is the ten millions digit of 530952357?
3
What is the tens digit of 159823021?
2
What is the thousands digit of 5120858462?
8
What is the ten thousands digit of 866314135?
1
What is the thousands digit of 3172871322?
1
What is the hundreds digit of 1059026173?
1
What is the thousands digit of 3095713987?
3
What is the millions digit of 12280740?
2
What is the tens digit of 202927545?
4
What is the units digit of 2929375477?
7
What is the tens digit of 222483971?
7
What is the units digit of 102771201?
1
What is the hundred thousands digit of 2333163130?
1
What is the ten thousands digit of 429382732?
8
What is the hundreds digit of 110019956?
9
What is the ten millions digit of 2414195997?
1
What is the hundred thousands digit of 79587946?
5
What is the hundred millions digit of 1100876563?
1
What is the hundred thousands digit of 1829560654?
5
What is the hundreds digit of 12724029?
0
What is the ten thousands digit of 58707892?
0
What is the hundreds digit of 4898429391?
3
What is the thousands digit of 58188826?
8
What is the units digit of 2448915649?
9
What is the billions digit of 4326027217?
4
What is the thousands digit of 17592544?
2
What is the hundred thousands digit of 54772957?
7
What is the hundred millions digit of 2291549763?
2
What is the millions digit of 46146093?
6
What is the ten thousands digit of 658305107?
0
What is the thousands digit of 283636928?
6
What is the hundred thousands digit of 64071621?
0
What is the ten millions digit of 41731443?
4
What is the ten thousands digit of 101153532?
5
What is the millions digit of 689513329?
9
What is the hundreds digit of 832142163?
1
What is the hundreds digit of 35939558?
5
What is the millions digit of 606711089?
6
What is the ten thousands digit of 473706229?
0
What is the tens digit of 1018161768?
6
What is the millions digit of 25747030?
5
What is the hundred thousands digit of 51097326?
0
What is the ten thousands digit of 71204384?
0
What is the ten millions digit of 41592249?
4
What is the ten thousands digit of 122088746?
8
What is the tens digit of 240899660?
6
What is the thousands digit of 719087199?
7
What is the ten millions digit of 311822988?
1
What is the ten millions digit of 24808393?
2
What is the thousands digit of 13990639?
0
What is the tens digit of 3669118364?
6
What is the units digit of 1068994?
4
What is the hundred thousands digit of 43091056?
0
What is the ten millions digit of 244295064?
4
What is the millions digit of 179468368?
9
What is the tens digit of 22736283?
8
What is the hundreds digit of 10306406?
4
What is the hundreds digit of 58089375?
3
What is the hundred thousands digit of 2873160506?
1
What is the thousands digit of 457537067?
7
What is the hundreds digit of 848565789?
7
What is the ten thousands digit of 407839022?
3
What is the ten thousands digit of 1574213378?
1
What is the millions digit of 91066049?
1
What is the thousands digit of 1303693030?
3
What is the millions digit of 4789970?
4
What is the ten millions digit of 364579114?
6
What is the hundreds digit of 4892934245?
2
What is the tens digit of 1499390299?
9
What is the units digit of 3469516741?
1
What is the ten millions digit of 96425465?
9
What is the tens digit of 41132429?
2
What is the hundred thousands digit of 295919147?
9
What is the hundreds digit of 38898815?
8
What is the hundred thousands digit of 11138328?
1
What is the hundred millions digit of 100734292?
1
What is the hundreds digit of 6778024421?
4
What is the hundreds digit of 17218752?
7
What is the millions digit of 1574765177?
4
What is the units digit of 12465500?
0
What is the ten thousands digit of 739214091?
1
What is the ten millions digit of 320348952?
2
What is the thousands digit of 89406702?
6
What is the hundreds digit of 19149813?
8
What is the hundreds digit of 93157605?
6
What is the millions digit of 46425519?
6
What is the hundreds digit of 28169110?
1
What is the hundred thousands digit of 276253480?
2
What is the units digit of 235853646?
6
What is the hundred millions digit of 180750366?
1
What is the thousands digit of 5598632199?
2
What is the hundred thousands digit of 245922066?
9
What is the hundreds digit of 47655181?
1
What is the hundreds digit of 110142500?
5
What is the ten millions digit of 74022743?
7
What is the hundred thousands digit of 64972320?
9
What is the thousands digit of 3656263571?
3
What is the hundred thousands digit of 163068232?
0
What is the ten thousands digit of 85003973?
0
What is the tens digit of 4132775?
7
What is the hundred millions digit of 260234754?
2
What is the hundreds digit of 475926987?
9
What is the ten millions digit of 230336289?
3
What is the hundreds digit of 779202901?
9
What is the hundred thousands digit of 91012835?
0
What is the millions digit of 1079985174?
9
What is the hundred thousands digit of 52203097?
2
What is the ten millions digit of 610449893?
1
What is the tens digit of 213482592?
9
What is the units digit of 48651624?
4
What is the tens digit of 101385394?
9
What is the units digit of 107747032?
2
What is the ten millions digit of 266465230?
6
What is the thousands digit of 44076545?
6
What is the thousands digit of 46700381?
0
What is the billi